 2*c. Suppose c*s = -s. Suppose -4*v - 16 = s, -3*j + 0*v = 2*v - 28. What is the units digit of j?
2
Let d = -12 + 11. What is the units digit of 40/25*(14 - d)?
4
Suppose -20 = -4*u - 5*y + 14, 4*u + 4*y = 32. Let x = u + -8. What is the units digit of 15/x*12/(-10)?
9
Let k(u) = u**2 + 8*u - 4. Let x = -3 - -7. Let o(c) = -1. Let q(i) = x*o(i) - k(i). What is the units digit of q(-7)?
7
Suppose -3*s + s = 38. Let r = s + 33. What is the tens digit of r?
1
Suppose 6*w = 2*w + 152. What is the tens digit of (w/(-8))/(4/(-16))?
1
Suppose 3*y - 2*y = -48. Let r = y - -79. What is the tens digit of r?
3
Let z(c) = c**2 - 3*c + 5. Let w(b) = -b - 1. Let m(h) = w(h) + z(h). Let o be ((-2)/(-4))/(1/10). What is the units digit of m(o)?
9
Suppose 5*j + 1 = -14. Let u = -3 - j. Suppose 32 = 4*g - 4*z, -g + 0*g + 4*z + 5 = u. What is the units digit of g?
9
Let q be (45/(-10))/((-3)/4). Suppose q = -m + 3*j, 5*j = -4*m + j + 40. What is the units digit of m?
6
Let x be (1 + -4)*(-6)/2. Suppose -2*z = -c - x, c + 4*c = 4*z - 27. What is the units digit of z?
3
What is the tens digit of (3 - 4)/(-1) + 48?
4
Let g(a) = 0*a**3 - 6*a + 4 - 4*a**2 - a**3 - 3*a**2. Let n be g(-6). Suppose w + 0*w - 2 = 3*z, -4*w + 8 = -n*z. What is the units digit of w?
2
Let o be ((-30)/(-18))/((-10)/(-36)). Let b = 28 - o. What is the units digit of b?
2
Let f be 8/20 + (-46)/(-10). Suppose 3 = -4*w - 5*t + 6, 0 = -f*w - 4*t + 15. Suppose w = s - 0. What is the units digit of s?
7
Suppose -4*i - 6 = -3*i. Let w be (-50)/i + 2/(-6). What is the units digit of 2/w*-2*-4?
2
Let l = 389 + -815. What is the tens digit of l/(-24) + 2/8?
1
Let h = 0 + -2. Let x be 1*h*(-6)/4. Suppose -x*k - 2*k + 22 = -2*l, -3*k + 16 = -4*l. What is the units digit of k?
4
Let p be (5 + -2)/(6/4). Suppose -p*g - 2*a + 18 = -4, 5*a = 25. Suppose c - g*c = 5*i + 15, -2*i - 2 = c. What is the units digit of i?
1
Let l = -89 - -151. Suppose -r = -3*k - 26, -k + l = 5*r + k. Suppose -i + 2*n - 3*n + 10 = 0, -3*i + r = -5*n. What is the units digit of i?
8
Suppose -4*b + 85 - 9 = 0. What is the tens digit of b?
1
Let z(f) = -3*f**2 - 2*f**3 + 5 + 4*f**2 + f**3 + 3*f**2. Let m be z(4). Suppose 4*c = 4*b + 4, 2*b + 2*c = 5 + m. What is the units digit of b?
2
Let m = 13 - 19. What is the units digit of (-8)/6*m/2?
4
Let q(x) = 5*x**2 - 3. What is the tens digit of q(-3)?
4
Let b = -7 - -11. Suppose -b*k + 36 = 4*z, -3*k = -2*z - 5 - 7. Let j(v) = v**3 - 5*v**2 - 6*v + 9. What is the units digit of j(k)?
9
Let i be 4/6 - (-2)/(-3). What is the tens digit of i + 46/(1 + 1)?
2
Let b(x) = -x**3 + x**2 + 2*x + 35. What is the units digit of b(0)?
5
What is the hundreds digit of -1 + -2 + -6 + 0 + 183?
1
Let t(d) = -d**3 - 20*d**2 - 18*d + 21. What is the units digit of t(-19)?
2
What is the hundreds digit of 207 - (4 - (8 + -3))?
2
Let q(p) = p**2 + 11*p + 8. Let n be q(-11). What is the tens digit of (-2)/n + 89/4?
2
Suppose 0 = -p - 0 + 28. What is the units digit of p?
8
Let o be 6 + -1 - (0 - 2). Let w(l) = -o*l - 2 - 2*l**2 + 9 + l**3 - 5*l**2 + l**2. What is the units digit of w(7)?
7
Let b = 0 + 4. Suppose 3*o + 0*y - 34 = 2*y, o + b*y = 16. What is the tens digit of o?
1
Suppose 6*m - m - 95 = 0. Suppose -u = -o - m, 0*u - 4*u - 2*o = -52. What is the tens digit of u?
1
Suppose -4*f - 7*w + 26 = -2*w, -5*w = -10. What is the units digit of f?
4
Let l(k) = -k**2. Let p be l(1). Let t be (-1)/(-2 - (p + 0)). Let f = 2 + t. What is the units digit of f?
3
Let v be -4*1/2*-22. Suppose -3*k - k + v = 0. Let n = k - 7. What is the units digit of n?
4
Let p(h) = 28*h. Let q(n) = n**2 + n - 1. Let b be q(-2). Let m be p(b). Let s = m + -16. What is the tens digit of s?
1
Suppose 0*d - 2*d = -m - 10, 5*d + 3*m - 3 = 0. Suppose -2*o = d*o - 60. What is the tens digit of o?
1
Suppose 3*f - q - 28 = 0, q + 0*q + 4 = 0. What is the tens digit of (-20)/(-6)*(7 + f)?
5
Let u be 1/(((-4)/(-10))/2). What is the tens digit of 52/u + (-12)/30?
1
Let z = -40 + 66. Suppose 7*q = 3*a + 3*q - z, -18 = a + 4*q. What is the units digit of a?
2
Let q(s) = 5 + s + 0 + 3. What is the units digit of q(-4)?
4
Let u = 520 - 264. What is the hundreds digit of u?
2
Let i(k) = -32*k + 11. What is the hundreds digit of i(-4)?
1
Let i(t) = -2*t**3 - 4*t**2 - 3. Let r = 2 + -5. What is the units digit of i(r)?
5
Suppose 4*c - 56 = 4*b, 5*c = b + 41 + 17. Let s = 12 - c. What is the units digit of s?
1
Suppose 0 = 34*x - 31*x - 318. What is the tens digit of x?
0
Let n be -2 - 2*(-9 - -2). Suppose 2*t - 2*q = -t + 11, 4*t - 2*q = n. What is the units digit of t/((-1)/2) - -21?
9
Suppose -l + 2*q - 1 = 3, -5*l + 24 = q. Suppose 0*d - l*d - t + 14 = 0, d = -t + 5. Let w(o) = o**2 + 3. What is the tens digit of w(d)?
1
Let u = -6 + 7. What is the tens digit of (45/3)/u + 3?
1
Suppose 0 = 4*o - 0*o - 1120. What is the hundreds digit of o?
2
Let a(y) = y**2 + 4*y - 2. Let s be a(-5). Suppose 0*h = 3*h - k - 15, 18 = s*h - 2*k. Suppose -24 + 4 = -h*x. What is the units digit of x?
5
Let j(k) = -19*k + 43. What is the tens digit of j(-14)?
0
Let g = 67 - 36. What is the tens digit of g?
3
Let s(l) = -l**3 + 4*l**2 + 11*l - 5. What is the units digit of s(5)?
5
Let y be 2 + 11 + -2 + 2. Let p = 32 - y. Let s = p - 5. What is the units digit of s?
4
Suppose l + 5*h = 27, l = -2*l - 3*h + 33. Suppose x - 6 = l. What is the units digit of x?
3
Suppose -4*p = 3*o - 86, 2*o - 67 = -2*p - 7. What is the units digit of o?
4
Let c(x) = -x**2 - 1. Let v(d) = 3*d**2 - 3*d. Let i(s) = -2*c(s) - v(s). Suppose 4*g - 6 - 2 = 0. What is the units digit of i(g)?
4
Let s = 6 - 4. Suppose -3*x = d - 41, s*d - 55 = 4*x - x. What is the units digit of d?
2
Let i(u) = -u**2 + 8*u + 8. Suppose 0 = 5*r + 4*w - 50, -3*r = -2*w + 4 - 12. Let p be i(r). Suppose -5 = f - p. What is the tens digit of f?
1
Let t = -3 - -5. What is the tens digit of (-21 - t)*(-2)/2?
2
Let o(j) = -j**2 - 23*j - 12. What is the units digit of o(-19)?
4
Let m(w) be the second derivative of w**4/12 + 7*w**3/6 - w**2/2 + 3*w. Let f be m(-7). What is the units digit of 0 - -1 - 2/f?
3
Suppose -7*g + 112 = -5*g. What is the units digit of g/(-12)*(-3)/2?
7
Let a = -20 - -4. Let j = a - -10. Let x = -5 - j. What is the units digit of x?
1
Suppose -3*h + 4 = -2*b, 0 = -0*h - h - 2. Let k(w) = 0 + 3*w + 2 - 1 + w**2. What is the tens digit of k(b)?
1
Let h be (-2)/(3/(36/(-8))). Suppose -11 = -5*r + 3*r - j, 3 = h*j. What is the units digit of r?
5
Let h = 196 + -105. What is the units digit of h?
1
Let t(p) = 3*p + 3. Let n be t(4). Let k = -4 + n. Let h = k + -5. What is the units digit of h?
6
Suppose 0 = -2*f + 3*f - 2. Suppose -f*g + 15 = 3*g. Suppose a - 2 = g. What is the units digit of a?
5
Suppose -4*w + 72 = -0*w. What is the tens digit of w?
1
Let r = -1 + 18. Let w = 28 - r. Suppose -3*v = -f - w - 6, 0 = v + f + 1. What is the units digit of v?
4
Suppose 288 = 6*a - 24. What is the tens digit of a?
5
Let m be -4 - -1 - -4 - -3. Suppose 4*s = 4*k + 4, 4*s + 3*k - 10 - 1 = 0. Suppose -m*j + 22 + s = 0. What is the units digit of j?
6
Suppose 3*q - 136 = -4*f + 7*q, -186 = -5*f - 3*q. What is the tens digit of f?
3
What is the tens digit of 561/15 - (-6)/(-15)?
3
Suppose 169 = 5*m + 29. What is the units digit of m?
8
Let i = 174 + -89. What is the units digit of i?
5
Let q = -26 - -40. What is the units digit of q?
4
Let m = 74 - 59. What is the units digit of m?
5
Suppose -3*u + 91 + 156 = -2*v, -u + 4*v + 69 = 0. Suppose -p - 4*p = -u. What is the tens digit of p?
1
What is the units digit of 2592/28 + ((-72)/(-21) - 3)?
3
Let a(d) = d**3 - 2*d**2 - 2*d + 1. What is the units digit of a(4)?
5
What is the units digit of (-4 + 32 - 2) + 3?
9
Let w(u) = -u**3 - 11*u**2 - 9*u + 13. Let n be w(-10). What is the units digit of n + (1 - (-3 - -2))?
5
Suppose -33*n = -34*n + 34. What is the units digit of n?
4
Suppose -9 - 7 = -4*c. Suppose 39 = 5*j - 2*t, -8*j - c*t = -3*j - 57. What is the units digit of j?
9
Let x(i) = 2*i + 4. Let a be x(-5). Let m be ((-3)/a)/((-1)/(-6)). Suppose m*c + 19 = 5*n - 46, -4*c = -4*n + 60. What is the units digit of n?
0
Suppose 0 = -3*w - 2*w + 225. Let h = w - 14. What is the tens digit of h?
3
Suppose h - 4*h - 48 = 2*q, 3*h = -4*q - 84. What is the units